f 851?
23, 37
What are the prime factors of 871?
13, 67
List the prime factors of 539.
7, 11
What are the prime factors of 4161?
3, 19, 73
What are the prime factors of 1374?
2, 3, 229
List the prime factors of 820.
2, 5, 41
What are the prime factors of 704?
2, 11
List the prime factors of 602.
2, 7, 43
What are the prime factors of 54891?
3, 19, 107
What are the prime factors of 4846?
2, 2423
List the prime factors of 13498.
2, 17, 397
List the prime factors of 1343.
17, 79
What are the prime factors of 696?
2, 3, 29
What are the prime factors of 3636?
2, 3, 101
What are the prime factors of 6855?
3, 5, 457
What are the prime factors of 4026?
2, 3, 11, 61
What are the prime factors of 77267?
77267
List the prime factors of 1058.
2, 23
What are the prime factors of 3449?
3449
What are the prime factors of 8573?
8573
What are the prime factors of 539?
7, 11
List the prime factors of 11002.
2, 5501
What are the prime factors of 10804?
2, 37, 73
What are the prime factors of 7352?
2, 919
What are the prime factors of 1420?
2, 5, 71
What are the prime factors of 31248?
2, 3, 7, 31
What are the prime factors of 68718?
2, 3, 13, 881
List the prime factors of 9621.
3, 1069
List the prime factors of 6535.
5, 1307
List the prime factors of 39141.
3, 4349
List the prime factors of 9403.
9403
What are the prime factors of 17360?
2, 5, 7, 31
List the prime factors of 3966.
2, 3, 661
What are the prime factors of 69279?
3, 7, 3299
List the prime factors of 26942.
2, 19, 709
What are the prime factors of 966?
2, 3, 7, 23
What are the prime factors of 1277?
1277
What are the prime factors of 15042?
2, 3, 23, 109
What are the prime factors of 6280?
2, 5, 157
What are the prime factors of 9052?
2, 31, 73
List the prime factors of 28.
2, 7
What are the prime factors of 3611?
23, 157
What are the prime factors of 7?
7
List the prime factors of 103.
103
List the prime factors of 14.
2, 7
List the prime factors of 7849.
47, 167
List the prime factors of 2818.
2, 1409
List the prime factors of 11476.
2, 19, 151
What are the prime factors of 12346?
2, 6173
What are the prime factors of 139290?
2, 3, 5, 4643
What are the prime factors of 4315?
5, 863
List the prime factors of 383.
383
List the prime factors of 88124.
2, 22031
What are the prime factors of 720?
2, 3, 5
List the prime factors of 5489.
11, 499
List the prime factors of 105274.
2, 13, 4049
What are the prime factors of 681?
3, 227
What are the prime factors of 42688?
2, 23, 29
What are the prime factors of 25969?
25969
What are the prime factors of 23414?
2, 23, 509
What are the prime factors of 65096?
2, 79, 103
List the prime factors of 9094.
2, 4547
List the prime factors of 1758.
2, 3, 293
List the prime factors of 2088.
2, 3, 29
List the prime factors of 87496.
2, 10937
What are the prime factors of 5032?
2, 17, 37
List the prime factors of 8639.
53, 163
What are the prime factors of 577?
577
What are the prime factors of 11715?
3, 5, 11, 71
List the prime factors of 3371.
3371
List the prime factors of 46987.
19, 2473
What are the prime factors of 38064?
2, 3, 13, 61
What are the prime factors of 1116?
2, 3, 31
What are the prime factors of 42645?
3, 5, 2843
What are the prime factors of 1118?
2, 13, 43
What are the prime factors of 106505?
5, 7, 17, 179
What are the prime factors of 4738?
2, 23, 103
List the prime factors of 24235.
5, 37, 131
List the prime factors of 58368.
2, 3, 19
What are the prime factors of 8?
2
What are the prime factors of 1810?
2, 5, 181
List the prime factors of 358.
2, 179
List the prime factors of 27518.
2, 13759
What are the prime factors of 83235?
3, 5, 31, 179
What are the prime factors of 29894?
2, 14947
What are the prime factors of 2991?
3, 997
What are the prime factors of 3271?
3271
List the prime factors of 840.
2, 3, 5, 7
What are the prime factors of 23878?
2, 11939
List the prime factors of 2324.
2, 7, 83
List the prime factors of 7187.
7187
What are the prime factors of 91186?
2, 127, 359
What are the prime factors of 154737?
3, 11, 521
What are the prime factors of 3692?
2, 13, 71
What are the prime factors of 208?
2, 13
List the prime factors of 3265.
5, 653
List the prime factors of 9287.
37, 251
What are the prime factors of 2405?
5, 13, 37
What are the prime factors of 12809?
12809
What are the prime factors of 82637?
17, 4861
What are the prime factors of 766?
2, 383
List the prime factors of 1611.
3, 179
List the prime factors of 3009.
3, 17, 59
List the prime factors of 64579.
64579
What are the prime factors of 44308?
2, 11, 19, 53
List the prime factors of 19633.
29, 677
List the prime factors of 5790.
2, 3, 5, 193
What are the prime factors of 313?
313
What are the prime factors of 1243?
11, 113
What are the prime factors of 101?
101
List the prime factors of 5033.
7, 719
What are the prime factors of 9432?
2, 3, 131
List the prime factors of 43973.
43973
What are the prime factors of 461?
461
What are the prime factors of 1742?
2, 13, 67
What are the prime factors of 692?
2, 173
What are the prime factors of 1700?
2, 5, 17
What are the prime factors of 21662?
2, 10831
List the prime factors of 406.
2, 7, 29
List the prime factors of 127709.
127709
List the prime factors of 1543.
1543
List the prime factors of 21220.
2, 5, 1061
What are the prime factors of 195894?
2, 3, 10883
List the prime factors of 24584.
2, 7, 439
List the prime factors of 2150.
2, 5, 43
What are the prime factors of 1594?
2, 797
List the prime factors of 11277.
3, 7, 179
What are the prime factors of 1677?
3, 13, 43
What are the prime factors of 499?
499
What are the prime factors of 1120?
2, 5, 7
List the prime factors of 236.
2, 59
What are the prime factors of 19290?
2, 3, 5, 643
List the prime factors of 710.
2, 5, 71
What are the prime factors of 973?
7, 139
List the prime factors of 3130.
2, 5, 313
List the prime factors of 15142.
2, 67, 113
What are the prime factors of 47923?
17, 2819
What are the prime factors of 2147?
19, 113
What are the prime factors of 541?
541
What are the prime factors of 3019?
3019
List the prime factors of 9880.
2, 5, 13, 19
List the prime factors of 21938.
2, 7, 1567
List the prime factors of 60831.
3, 751
What are the prime factors of 232?
2, 29
List the prime factors of 67072.
2, 131
What are the prime factors of 1174?
2, 587
List the prime factors of 1263.
3, 421
What are the prime factors of 76059?
3, 313
List the prime factors of 38038.
2, 7, 11, 13, 19
What are the prime factors of 9339?
3, 11, 283
What are the prime factors of 4848?
2, 3, 101
List the prime factors of 1991.
11, 181
What are the prime factors of 16074?
2, 3, 19, 47
List the prime factors of 31356.
2, 3, 13, 67
List the prime factors of 5571.
3, 619
List the prime factors of 68396.
2, 17099
List the prime factors of 19481.
7, 11, 23
What are the prime factors of 925?
5, 37
What are the prime factors of 4794?
2, 3, 17, 47
List the prime factors of 33853.
97, 349
What are the prime factors of 657?
3, 73
What are the prime factors of 2578?
2, 1289
List the prime factors of 88737.
3, 11, 2689
What are the prime factors of 142263?
3, 11, 479
List the prime factors of 9406.
2, 4703
What are the prime factors of 5931?
3, 659
What are the prime factors of 16656?
2, 3, 347
List the prime factors of 44375.
5, 71
What are the prime factors of 7740?
2, 3, 5, 43
List the prime factors of 277.
277
What are the prime factors of 328?
2, 41
What are the prime factors of 11472?
2, 3, 239
What are the prime factors of 2118?
2, 3, 353
What are the prime factors of 6128?
2, 383
List the prime factors of 3006.
2, 3, 167
What are the prime factors of 1072?
2, 67
List the prime factors of 1037.
17, 61
What are the prime factors of 23332?
2, 19, 307
What are the prime factors of 110907?
3, 12323
What are the prime factors of 869?
11, 79
List the prime factors of 18862.
2, 9431
What are the prime factors of 3902?
2, 1951
List the prime factors of 21693.
3, 7, 1033
What are the prime factors of 6352?
2, 397
What are the prime factors of 50570?
2, 5, 13, 389
What are the prime factors of 802?
2, 401
List the prime factors of 1890.
2, 3, 5, 7
What are the prime factors of 8736?
2, 3, 7, 13
What are the prime factors of 6417?
3, 23, 31
What are the prime factors of 8905?
5, 13, 137
List the